
Calculate the remainder when 5675715 is divided by 436592.
19
What is the remainder when 1075415800 is divided by 271?
267
Calculate the remainder when 780636 is divided by 390314.
8
Calculate the remainder when 702133 is divided by 196.
61
What is the remainder when 742932 is divided by 185733?
0
Calculate the remainder when 155017 is divided by 1721.
127
What is the remainder when 2689760 is divided by 36348?
8
Calculate the remainder when 26026768 is divided by 2602676.
8
What is the remainder when 20554712 is divided by 13?
9
Calculate the remainder when 30599423 is divided by 41.
16
What is the remainder when 5628752 is divided by 1699?
1664
Calculate the remainder when 10737594 is divided by 7942.
10
Calculate the remainder when 27003952 is divided by 149193.
19
Calculate the remainder when 135132 is divided by 44643.
1203
Calculate the remainder when 373302 is divided by 183574.
6154
Calculate the remainder when 1789163 is divided by 301.
19
What is the remainder when 325435 is divided by 1179?
31
What is the remainder when 62404 is divided by 26756?
8892
Calculate the remainder when 434900 is divided by 332.
312
What is the remainder when 67201 is divided by 358?
255
Calculate the remainder when 194202 is divided by 907.
104
Calculate the remainder when 2696829 is divided by 2696737.
92
Calculate the remainder when 397912 is divided by 3982.
3694
What is the remainder when 286122 is divided by 2236?
2150
What is the remainder when 58259 is divided by 820?
39
What is the remainder when 509755814 is divided by 2029?
2028
Calculate the remainder when 1183596 is divided by 1934.
1922
Calculate the remainder when 46437 is divided by 4767.
3534
Calculate the remainder when 1516176 is divided by 303.
267
Calculate the remainder when 154621 is divided by 38477.
713
Calculate the remainder when 379400 is divided by 54.
50
What is the remainder when 263170 is divided by 10105?
440
Calculate the remainder when 97527089 is divided by 1962.
1955
What is the remainder when 116132 is divided by 6018?
1790
What is the remainder when 109119 is divided by 361?
97
Calculate the remainder when 493960 is divided by 463.
402
What is the remainder when 1313806 is divided by 19906?
10
Calculate the remainder when 4131785 is divided by 9699.
11
Calculate the remainder when 285964 is divided by 177.
109
What is the remainder when 72130 is divided by 887?
283
What is the remainder when 473635 is divided by 473607?
28
Calculate the remainder when 1204981 is divided by 602471.
39
What is the remainder when 27246820 is divided by 254?
240
Calculate the remainder when 194324 is divided by 194225.
99
Calculate the remainder when 165364 is divided by 7750.
2614
What is the remainder when 7106062 is divided by 1421175?
187
What is the remainder when 44154 is divided by 2103?
2094
Calculate the remainder when 1054212 is divided by 25.
12
Calculate the remainder when 231051 is divided by 550.
51
Calculate the remainder when 690732 is divided by 15698.
20
What is the remainder when 7742102 is divided by 24?
14
Calculate the remainder when 5033570 is divided by 475.
470
What is the remainder when 23100795 is divided by 200?
195
Calculate the remainder when 71206 is divided by 23649.
259
Calculate the remainder when 5017507 is divided by 27.
16
What is the remainder when 4683739 is divided by 9819?
76
What is the remainder when 84586 is divided by 3619?
1349
What is the remainder when 11963394 is divided by 822?
6
What is the remainder when 4881273 is divided by 22?
1
Calculate the remainder when 2724791 is divided by 6714.
5621
Calculate the remainder when 10948629 is divided by 29.
27
What is the remainder when 68496281 is divided by 633?
617
What is the remainder when 628037 is divided by 6280?
37
Calculate the remainder when 2102836 is divided by 420557.
51
What is the remainder when 1005965 is divided by 2212?
1717
What is the remainder when 1847124 is divided by 933?
717
Calculate the remainder when 62529953 is divided by 9.
5
Calculate the remainder when 24837 is divided by 3014.
725
What is the remainder when 20301 is divided by 5963?
2412
What is the remainder when 2662251 is divided by 378?
375
Calculate the remainder when 55353 is divided by 12575.
5053
Calculate the remainder when 7514897 is divided by 268389.
5
Calculate the remainder when 764195 is divided by 128.
35
What is the remainder when 5304818 is divided by 1042?
1038
What is the remainder when 5357382 is divided by 53?
36
Calculate the remainder when 11341758 is divided by 3493.
3480
What is the remainder when 5767622 is divided by 49?
28
What is the remainder when 33800777 is divided by 1295?
1277
Calculate the remainder when 5673775 is divided by 474.
469
Calculate the remainder when 46907 is divided by 7285.
3197
What is the remainder when 403482 is divided by 134473?
63
Calculate the remainder when 3830189 is divided by 5155.
24
What is the remainder when 131573 is divided by 65679?
215
What is the remainder when 28443523 is divided by 888860?
3
Calculate the remainder when 691783 is divided by 5717.
26
Calculate the remainder when 73026 is divided by 1239.
1164
What is the remainder when 123359199 is divided by 549?
546
What is the remainder when 210639 is divided by 1022?
107
Calculate the remainder when 307534 is divided by 1098.
94
What is the remainder when 704849 is divided by 117470?
29
Calculate the remainder when 224635757 is divided by 14.
3
Calculate the remainder when 2964 is divided by 998.
968
Calculate the remainder when 1736454 is divided by 325.
304
Calculate the remainder when 164031 is divided by 81969.
93
What is the remainder when 196073 is divided by 84?
17
Calculate the remainder when 233545 is divided by 57.
16
What is the remainder when 4972853 is divided by 19970?
323
Calculate the remainder when 916309 is divided by 6324.
5653
Calculate the remainder when 882048 is divided by 220498.
56
Calculate the remainder when 4901584 is divided by 3915.
4
Calculate the remainder when 192777 is divided by 4451.
1384
What is the remainder when 40052 is divided by 3330?
92
What is the remainder when 64650 is divided by 30969?
2712
Calculate the remainder when 38976 is divided by 3813.
846
Calculate the remainder when 866555 is divided by 287889.
2888
What is the remainder when 22171 is divided by 93?
37
What is the remainder when 297328 is divided by 1956?
16
Calculate the remainder when 563598006 is divided by 632.
630
What is the remainder when 12099804 is divided by 1512475?
4
Calculate the remainder when 21230198 is divided by 380.
358
What is the remainder when 34840 is divided by 11357?
769
What is the remainder when 868003 is divided by 12948?
487
Calculate the remainder when 31235081 is divided by 912.
905
Calculate the remainder when 165459 is divided by 82606.
247
Calculate the remainder when 4654366 is divided by 6875.
6866
Calculate the remainder when 1781572 is divided by 890764.
44
Calculate the remainder when 52324 is divided by 1874.
1726
Calculate the remainder when 191183 is divided by 519.
191
Calculate the remainder when 116054374 is divided by 337.
336
What is the remainder when 5267299 is divided by 658279?
1067
What is the remainder when 239024 is divided by 497?
464
Calculate the remainder when 38233892 is divided by 18.
2
Calculate the remainder when 9145450 is divided by 21.
13
Calculate the remainder when 2068200 is divided by 344669.
186
Calculate the remainder when 39088 is divided by 38111.
977
What is the remainder when 3625751 is divided by 3203?
3158
Calculate the remainder when 2726026 is divided by 5484.
478
Calculate the remainder when 443443 is divided by 4194.
3073
What is the remainder when 2517454 is divided by 7448?
30
What is the remainder when 104267 is divided by 73?
23
What is the remainder when 218710 is divided by 52?
50
Calculate the remainder when 350360 is divided by 63.
17
Calculate the remainder when 1819347 is divided by 44318.
2309
Calculate the remainder when 333646 is divided by 12832.
14
Calculate the remainder when 3631868 is divided by 15.
8
Calculate the remainder when 857327 is divided by 89.
79
Calculate the remainder when 18460470 is divided by 274.
268
Calculate the remainder when 30435820 is divided by 137.
37
What